 number?
False
Is 29056787449 a prime number?
False
Is 64765639 prime?
False
Is 55596213667 prime?
True
Is 84385782233 a composite number?
False
Is 15938573137 composite?
False
Is 22425722911 a prime number?
True
Is 9257992903 composite?
False
Is 10978401839 composite?
False
Is 675370565 composite?
True
Is 11080707751 a prime number?
True
Is 6303216449 a composite number?
False
Is 3457782613 a prime number?
True
Is 43878935041 composite?
False
Is 2141381297 a prime number?
False
Is 1056705017 a composite number?
True
Is 8505915819 prime?
False
Is 1168859779 composite?
True
Is 96863680283 prime?
True
Is 2554093349 a prime number?
True
Is 6382112713 a composite number?
True
Is 8232755029 prime?
False
Is 153133989 composite?
True
Is 1365286147 a composite number?
False
Is 5595135911 prime?
False
Is 71849481761 a composite number?
False
Is 12249700741 a composite number?
True
Is 2746640129 composite?
True
Is 7015606127 a composite number?
True
Is 17288325433 prime?
True
Is 5636246701 a composite number?
True
Is 53735783 composite?
False
Is 212246141 a prime number?
True
Is 3317801511 a prime number?
False
Is 3022904629 a prime number?
True
Is 17256648677 a prime number?
False
Is 276424311 prime?
False
Is 1149078115 composite?
True
Is 10150753661 composite?
True
Is 65351081 a prime number?
True
Is 438380069 prime?
False
Is 204730211 a composite number?
True
Is 22543999498 composite?
True
Is 87942108329 a prime number?
True
Is 312023358347 prime?
True
Is 8153593631 composite?
True
Is 114135400807 a composite number?
True
Is 107976901213 prime?
True
Is 2638834309 a composite number?
True
Is 20423736721 prime?
False
Is 15474536543 composite?
False
Is 1853762899 a prime number?
False
Is 34764468737 a prime number?
True
Is 1390604899 a composite number?
True
Is 376082255 prime?
False
Is 78564522571 a composite number?
False
Is 2106294077 composite?
True
Is 23716400249 a prime number?
True
Is 55212977297 a prime number?
True
Is 4561873 a composite number?
True
Is 71799715961 prime?
False
Is 2054885163 composite?
True
Is 28967344759 a prime number?
False
Is 130364071 prime?
True
Is 82263210591 composite?
True
Is 27230847097 a prime number?
True
Is 1172895209 a prime number?
False
Is 103050455539 a composite number?
True
Is 12515387623 prime?
True
Is 384851609 a composite number?
False
Is 771696953 a composite number?
False
Is 637267439 a prime number?
False
Is 28061588161 a prime number?
True
Is 40602630043 a prime number?
False
Is 668978143 a composite number?
True
Is 6985973341 a prime number?
True
Is 4474121237 composite?
False
Is 2841614123 prime?
False
Is 18045331 a prime number?
False
Is 140432473 composite?
True
Is 56941446763 a prime number?
True
Is 13965842357 composite?
True
Is 243617249 a composite number?
True
Is 1578233519 a prime number?
False
Is 196460588911 prime?
True
Is 15734589931 a prime number?
True
Is 60234071 composite?
False
Is 2985960127 prime?
True
Is 584004907 prime?
True
Is 7748683927 a prime number?
False
Is 2797557527 a prime number?
False
Is 4792626313 a composite number?
False
Is 9065938549 prime?
False
Is 10780139611 a composite number?
True
Is 121047253 prime?
True
Is 815159671 prime?
True
Is 344418661 composite?
False
Is 739913459047 a prime number?
False
Is 38397636331 composite?
False
Is 20639855723 a prime number?
False
Is 1266555337 prime?
False
Is 130578863 composite?
True
Is 1476583007 prime?
True
Is 10960288637 a prime number?
False
Is 27747190622 a composite number?
True
Is 1432596877 prime?
False
Is 16658115287 a prime number?
False
Is 1223436647 a composite number?
True
Is 88513873619 a prime number?
True
Is 25984041043 a composite number?
True
Is 3890774161 a prime number?
True
Is 95251518617 prime?
False
Is 5879114287 a prime number?
True
Is 3333337429 composite?
False
Is 2006872639 a composite number?
False
Is 2553540322 a prime number?
False
Is 83416967 composite?
True
Is 2240184437 a composite number?
True
Is 65924135239 prime?
False
Is 709528667 composite?
False
Is 12682052191 composite?
True
Is 917624531 composite?
True
Is 5584054057 prime?
False
Is 30289827781 a composite number?
False
Is 4235146073 a prime number?
False
Is 169589770349 a composite number?
False
Is 17320782463 a composite number?
True
Is 1598117561 prime?
False
Is 6228893431 composite?
False
Is 20710867 composite?
False
Is 1157958883 a prime number?
False
Is 480059731 prime?
False
Is 261989173 a composite number?
True
Is 581827769 a composite number?
False
Is 4886796059 a composite number?
True
Is 708902807 a composite number?
True
Is 2767707309 composite?
True
Is 15506568179 prime?
True
Is 1193702369 prime?
False
Is 360945446 a composite number?
True
Is 17187121951 prime?
False
Is 13029919117 a composite number?
True
Is 3240022517 prime?
True
Is 10269792321 a composite number?
True
Is 266347427 prime?
True
Is 2915535451 prime?
False
Is 13801765459 prime?
True
Is 7401194347 a prime number?
True
Is 2662078253 prime?
False
Is 22289585231 a composite number?
True
Is 295668121 composite?
True
Is 694983119 a prime number?
True
Is 26217575171 a prime number?
True
Is 456653579 composite?
False
Is 48448308217 a composite number?
False
Is 4907483701 a composite number?
True
Is 30942765959 composite?
True
Is 952040098 a prime number?
False
Is 1629560629 a composite number?
True
Is 7903602701 a prime number?
True
Is 35634062747 prime?
True
Is 40481546309 composite?
False
Is 182426877247 a composite number?
True
Is 13371102067 a composite number?
True
Is 2396905001 prime?
True
Is 5802510307 a composite number?
True
Is 1064334853 prime?
True
Is 433779581 prime?
False
Is 24992955007 composite?
False
Is 17210832437 a prime number?
True
Is 650124799 prime?
False
Is 4087409423 a prime number?
True
Is 5830880867 composite?
True
Is 603221701 prime?
True
Is 15715598683 a prime number?
True
Is 3459844607 prime?
False
Is 4221507373 a composite number?
False
Is 154912711 composite?
False
Is 406680013 a prime number?
True
Is 39808860493 prime?
True
Is 23576903941 a composite number?
False
Is 383008643 prime?
False
Is 556947269 prime?
True
Is 1342559983 composite?
False
Is 572030609 prime?
False
Is 204188458913 composite?
True
Is 22823999785 a composite number?
True
Is 19737463883 a composite number?
True
Is 15167900105 composite?
True
Is 320320957 composite?
True
Is 1011126247 a composite number?
True
Is 11190814198 prime?
False
Is 4086248069 a prime number?
False
Is 138047041469 a composite number?
True
Is 215891699 prime?
False
Is 4383052907 composite?
False
Is 23185874053 a composite number?
False
Is 85819917433 a prime number?
False
Is 1288723629 a prime number?
False
Is 515863349 prime?
False
Is 1275825013 a prime number?
False
Is 328380839 a prime number?
True
Is 6043159649 composite?
False
Is 3914142623 a composite number?
False
Is 15815798897 a composite number?
False
Is 5455817383 a composite number?
True
Is 28545115751 a composite number?
False
Is 658422199 composite?
True
Is 4169436511 a composite number?
True
Is 24708232797 a composite number?
True
Is 113944147799 prime?
True
Is 2876798533 composite?
True
Is 28058719747 a prime number?
True
Is 537886663 composite?
True
Is 97864600367 composite?
True
Is 903701893 a composite number?
False
Is 14884517939 a prime number?
False
Is 186766000199 a prime number?
True
Is 43792493893 composite?
True
Is 2343361229 composite?
True
Is 104819677 composite?
True
Is 4132234859 a prime number?
False
Is 8553396703 composite?
True
Is 1110675521 a prime number?
True
Is 115766704019 prime?
False
Is 197668039619 prime?
True
Is 1132940261 composite?
False
Is 36799023479 prime?
True
Is 3064572097 prime?
True
Is 452106443 a prime number?
False
Is 2018953331 a prime number?
True
Is 4567314421 composite?
False
Is 43648989 composite?
True
Is 2675526467 a composite number?
False
Is 411885967 a prime number?
True
Is 251767333 composite?
False
Is 26680213639 composite?
False
Is 8182135459 prime?
True
Is 396661267 prime?
True
Is 1627816823 a prime number?
True
Is 25265237539 composite?
False
Is 14559260117 a composite number?
True
Is 947913763 composite?
True
Is 480263246 prime?
False
Is 607549177 prime?
False
Is 2249692493 a composite number?
False
Is 998414887 composite?
False
Is 110268051493 composite?
False
Is 712299711